et v be (-7220)/150 - (-2)/15. Let a = -104 - v. Let t = 141 + a. List the prime factors of t.
5, 17
List the prime factors of (6 - (-8)/(-2)) + (-426610)/(-10).
3, 14221
Let d = 617 - 37. Suppose g - 458 = 5*b, -760 = -3*g - 2*b + d. List the prime factors of g.
2, 7
Let u be (-7)/(-2) + (13/2 - 7). Suppose -541 - 227 = -u*z. What are the prime factors of z?
2
Let a be (-2 + -1)*42287/(-147). Let v = 60 + a. List the prime factors of v.
13, 71
Let m(i) = 19*i - 4. Let w(x) = -20*x + 3. Let u(s) = 2*m(s) + 3*w(s). Let r be u(-3). Let v = r - -17. List the prime factors of v.
2, 3, 7
Suppose 179*l - 508050 = 149*l. What are the prime factors of l?
3, 5, 1129
List the prime factors of 3305*639/180 + 9/(-12).
2, 7, 419
Suppose -8*a - 74 = -202. Suppose -11*f + 1512 = a*f. List the prime factors of f.
2, 7
Let q(i) = 2824*i**2 + 45*i - 69. List the prime factors of q(3).
2, 3, 31, 137
Suppose 4*r + 2*k - 1563 - 103 = 0, 3*r = k + 1247. Let t = r - 747. Let l = -200 - t. List the prime factors of l.
131
Suppose 5*a + 23469 = 2*u, 3115*a = 3*u + 3120*a - 35116. List the prime factors of u.
11717
Let r = -158 - -5640. What are the prime factors of r?
2, 2741
Let d = 6861 - -2553. What are the prime factors of d?
2, 3, 523
Let i(k) = k**3 - 4*k**2 - 6*k + 7. Let c be i(5). Suppose 0 = -c*b - 3*b + 2170. What are the prime factors of b?
2, 7, 31
Let q(p) = -11*p + 19. Let h(b) = -2*b**2 + 29*b - 10. Let s be h(14). Suppose 0 = 3*k - 1 + 10, -s*z - 49 = -k. List the prime factors of q(z).
2, 3
Let h = 22 - 18. Suppose -o = -h*u + 8*u - 178, 982 = 5*o - 3*u. List the prime factors of o.
2, 97
Let m(i) = 47*i**3 + 6*i**2 + 30*i - 135. What are the prime factors of m(8)?
43, 571
Suppose -3*h + 3339 + 3207 = -3*l, 4359 = 2*h + 3*l. Suppose -5*k + 4*g = -h, 15*k - 10*k - 2*g - 2183 = 0. What are the prime factors of k?
19, 23
What are the prime factors of (-20)/50*-20 - 3867/(-3)?
1297
Let j = 2351 + -165. What are the prime factors of j?
2, 1093
Suppose 2*o - j = 32, 15 - 3 = 3*j. Suppose o*p - 4824 = 4896. What are the prime factors of p?
2, 3, 5
Let b(r) = -r**2 - 21*r - 106. Let w be b(-11). Suppose -w*g - 5*k + 3483 = 0, -2*k + 9 - 3 = 0. List the prime factors of g.
3, 17
Let d = 253 - 64. Let t be (2/(-6))/(7/d). What are the prime factors of (4 - 1)*(-174)/t?
2, 29
Let p = 0 - 0. Suppose -311 = 23*h + 356. List the prime factors of p - h - (-6 - -3).
2
Let s(i) = -91 + 43*i - 13 - 40. List the prime factors of s(29).
1103
What are the prime factors of (-2 + 165 - 1)/(34/3621)?
3, 71
Let b(l) = -6*l**2 + 3. Let s be b(-4). Let a = 99 + s. Suppose -17 = -7*f + a*f. List the prime factors of f.
17
Let a(x) = -3059 + 107*x + 68*x + 2838 - 46*x. List the prime factors of a(5).
2, 53
Let n(j) = 8 - 8*j**2 + 17*j**2 - j + 6*j**2. Let w be n(4). Let i = -109 + w. List the prime factors of i.
3, 5
Let z be -2*1 - (0 + -4 + -3). Suppose -28 - 17 = -z*n. List the prime factors of 3/n*-65*-3*1.
5, 13
What are the prime factors of (12 - (-215)/(-10))*-3310?
5, 19, 331
Let b be 2 - 4 - 3 - 1. What are the prime factors of 1437/(-4)*((-224)/b)/(-14)?
2, 479
Let f(u) = -45*u**3 - 3*u**2 - u - 6. Let p be f(-3). Let y = -765 + p. List the prime factors of y.
2, 3, 5, 7
Let t = 26 - -442. List the prime factors of -1 + 5 + (t - 1) + 5.
2, 7, 17
Suppose -457 = n + 1099. Let m = n + 3114. List the prime factors of m.
2, 19, 41
Suppose -4*o - 2*z - 8 = 0, -2*z = -o - 3 + 6. Let m be (o - -3) + (-33)/(-3). Let n(s) = 2*s - 24. What are the prime factors of n(m)?
2
List the prime factors of 27/99 - 677628/(-99).
5, 37
Let o be (2 + (-56)/(-2))/1. Let j = o - 31. List the prime factors of 1/(63/(-66) - j).
2, 11
Suppose 33986 = 27*r - 1438. Suppose 51*a - r = 19*a. What are the prime factors of a?
41
Let i(c) = -c**2 + 156*c + 8929. List the prime factors of i(0).
8929
Let o(q) = -5*q + 3. Suppose 0*d = -5*d - 35. Let m be o(d). Let z = m - 15. What are the prime factors of z?
23
Suppose 76*z - 69600 = 73*z - 5*m, -2*z + 2*m = -46400. What are the prime factors of z?
2, 5, 29
What are the prime factors of ((-6)/4)/((-153)/171768)?
2, 421
Suppose 0 = 4*h + 2*v - 68, -h = 4*h + 4*v - 82. What are the prime factors of 319 - -2*h/(-6)?
313
Let x = -2 - -881. Let a = x - 437. What are the prime factors of a?
2, 13, 17
Suppose 28*g = 516 + 240. Suppose 576 = -25*y + g*y. List the prime factors of y.
2, 3
Suppose 1950 = 7*k - 4*k. Let b = -384 + k. What are the prime factors of b?
2, 7, 19
Let w = -434 - -86226. What are the prime factors of w?
2, 7, 383
Suppose 2*r = 4*p - 3*r - 13, -2 = p - 3*r. Let a(j) = j + 5. Let h be a(-6). List the prime factors of (4 + h - p) + 153.
149
Suppose 0 = 2*t + 5*p - 693, t + t - 717 = 3*p. Let v = t + -242. Let h = -26 + v. What are the prime factors of h?
2, 43
Suppose -g - g + 5*c + 23 = 0, 4*g - 38 = 2*c. Suppose 2*r - g*r = -14. Suppose -217 = -r*l + 3*p, -5*l + 308 = 5*p - 272. List the prime factors of l.
113
Let y(h) = 202*h**2 + 2. Let n be y(-1). Let i = n + 89. What are the prime factors of i?
293
Let k = -405 + 520. What are the prime factors of 940 - 5/3*207/k?
937
Let h = -189 - -189. Let w(y) = y + 247. List the prime factors of w(h).
13, 19
Suppose 7*n = 6*n + 8. Let l be (-24)/(-15) + n/20. Suppose -o + 0*q + 88 = -l*q, -2*q = -2*o + 174. What are the prime factors of o?
2, 43
What are the prime factors of 10 + 72/(-18) + 1112 + -1?
1117
Suppose -3*z - 1152 = z. Let o be ((1256/12)/(2/3))/(61/(-183)). Let f = z - o. List the prime factors of f.
3, 61
What are the prime factors of ((1296/9)/4 - 9)*(2 - -8)?
2, 3, 5
Suppose 3*l - 7*l - 3*w = 25, 3*w - 38 = 5*l. Let j(r) = -6*r + 34. List the prime factors of j(l).
2, 19
Suppose -72450 = -13*q - 20*q + 26*q. What are the prime factors of q?
2, 3, 5, 23
Suppose 3*d = 12, -y + 3*d = -3 - 17. Suppose 12 = -31*r + y*r. What are the prime factors of -1 + 68 + r/3?
71
Suppose 4*g + 8 = 0, 0*v + 1008 = 5*v + g. Let f = 0 - -3. Suppose f*j - 314 = 4*y, 2*y - v = -2*j + y. What are the prime factors of j?
2, 3, 17
Suppose -31283 = -23*g - 1360. What are the prime factors of g?
1301
What are the prime factors of (-1848)/(-120) + -16 - (-131286)/10?
2, 3, 547
Let j(g) = 29*g**2 + 145*g - 24. What are the prime factors of j(-33)?
2, 3, 23, 97
Suppose 0 = -32*s + 6370 + 84830. What are the prime factors of s?
2, 3, 5, 19
Let s(z) be the first derivative of z**3 + z**2 - 4*z - 5. Let b be s(-2). Suppose -5*k - b*l + 149 = -45, 0 = 3*l + 12. What are the prime factors of k?
2, 3, 7
Suppose 44*v = 36*v - 720. What are the prime factors of (-126)/v - (-11649)/15?
2, 389
Let p be (-3)/(-2)*4/3. Let b = -1190 - -1194. List the prime factors of ((-273)/b)/3*(p - 6).
7, 13
Let v = -9052 + 6393. Let j = v + 4358. List the prime factors of j.
1699
Suppose -2*k = 8, 4*k = 3*j - 16 + 6. Let u = 1 + j. What are the prime factors of 48/6 - (u + 0)?
3
Suppose -30*l + 3549 = -2331. Suppose l*v + 68 = 197*v. List the prime factors of v.
2, 17
Let a = -109 - 176. Let s = 966 + a. List the prime factors of s.
3, 227
Let x(n) be the first derivative of 5*n**3/3 + n**2/2 + 7. Let u be x(-1). Suppose 2*k = -u*z - 0*z + 398, 399 = 4*z + 3*k. List the prime factors of z.
3, 11
Suppose 20 = 5*r + 3*n - 8*n, 3*n = 5*r - 16. Suppose -675 = -r*q - 3*f + 450, 4*q = 4*f + 2300. What are the prime factors of q?
2, 3, 5, 19
What are the prime factors of (-18 - -9166) + (5 - 12)?
3, 11, 277
Let c = -1939 + 2515. List the prime factors of c.
2, 3
Let g = 20 + -20. Suppose 0 = -3*p - 0*w - w + 16, 5*p - 4*w - 21 = g. Suppose -61 - 21 = -2*o - d, -p*o = 3*d - 205. List the prime factors of o.
41
Let l(c) = -c**3 - 21*c**2 - 53*c + 28. Let g be l(-18). Let v(w) = 11*w**2 - 23*w + 83. List the prime factors of v(g).
953
Let v(g) = 2*g + 31. Let d be v(-15). Let i be d + (-4)/6 - (-30580)/33. What are the prime factors of (0 - -1)/(9/i)?
103
Let d be (1 + -10)/(-3)*-10. Let t be d/4*(-4 + 4 + -2). Suppose t*v = 8*v + 623. List the prime factors of v.
89
List the prime factors of (247560/32)/((-162)/(-216)).
5, 2063
Suppose -101*g + 867222 = -38445. List the prime factors of g.
3, 7, 61
Let t = 22081 - 12532. List the prime factors of t.
3, 1061
List the prime factors of (32 - -40641) + -23 + (0 - 0).
2, 3, 5, 271
Let i = -5758 